{"id":123,"date":"2020-01-07T16:16:08","date_gmt":"2020-01-07T15:16:08","guid":{"rendered":"http:\/\/editions-voyagesdici.com\/?page_id=123"},"modified":"2020-02-02T15:38:02","modified_gmt":"2020-02-02T14:38:02","slug":"la-poesie-du-mois","status":"publish","type":"page","link":"http:\/\/editions-voyagesdici.com\/index.php\/la-poesie-du-mois\/","title":{"rendered":"La po\u00e9sie du mois"},"content":{"rendered":"<p>Aux <em><strong>Editions Voyages d&rsquo;Ici<\/strong><\/em>, nous voulons diffuser en continu la po\u00e9sie qui nous plait et nous inspire. Cette page est donc \u00e0 vous ! Proposez-nous vos po\u00e9sies et nous en publierons une par mois. <br>Notre ligne \u00e9ditoriale ? Nous aimons la po\u00e9sie narrative, celle qui nous raconte des histoires, qui nous emm\u00e8ne en voyage, un soup\u00e7on de fables, un nuage de contes, des rimes qui chantent, des vers qui swing&#8230;<br><\/p>","protected":false},"excerpt":{"rendered":"<p>Aux Editions Voyages d&rsquo;Ici, nous voulons diffuser en continu la po\u00e9sie qui nous plait et nous inspire. Cette page est donc \u00e0 vous ! Proposez-nous vos po\u00e9sies et nous en publierons une par mois. Notre ligne \u00e9ditoriale ? Nous aimons la po\u00e9sie narrative, celle qui nous raconte des histoires, qui nous emm\u00e8ne en voyage, un &hellip; <\/p>\n<p class=\"link-more\"><a href=\"http:\/\/editions-voyagesdici.com\/index.php\/la-poesie-du-mois\/\" class=\"more-link\">Continuer la lecture<span class=\"screen-reader-text\"> de &laquo;&nbsp;La po\u00e9sie du mois&nbsp;&raquo;<\/span><\/a><\/p>\n","protected":false},"author":1,"featured_media":172,"parent":0,"menu_order":0,"comment_status":"closed","ping_status":"closed","template":"","meta":{"footnotes":""},"class_list":["post-123","page","type-page","status-publish","has-post-thumbnail","hentry"],"_links":{"self":[{"href":"http:\/\/editions-voyagesdici.com\/index.php\/wp-json\/wp\/v2\/pages\/123"}],"collection":[{"href":"http:\/\/editions-voyagesdici.com\/index.php\/wp-json\/wp\/v2\/pages"}],"about":[{"href":"http:\/\/editions-voyagesdici.com\/index.php\/wp-json\/wp\/v2\/types\/page"}],"author":[{"embeddable":true,"href":"http:\/\/editions-voyagesdici.com\/index.php\/wp-json\/wp\/v2\/users\/1"}],"replies":[{"embeddable":true,"href":"http:\/\/editions-voyagesdici.com\/index.php\/wp-json\/wp\/v2\/comments?post=123"}],"version-history":[{"count":6,"href":"http:\/\/editions-voyagesdici.com\/index.php\/wp-json\/wp\/v2\/pages\/123\/revisions"}],"predecessor-version":[{"id":225,"href":"http:\/\/editions-voyagesdici.com\/index.php\/wp-json\/wp\/v2\/pages\/123\/revisions\/225"}],"wp:featuredmedia":[{"embeddable":true,"href":"http:\/\/editions-voyagesdici.com\/index.php\/wp-json\/wp\/v2\/media\/172"}],"wp:attachment":[{"href":"http:\/\/editions-voyagesdici.com\/index.php\/wp-json\/wp\/v2\/media?parent=123"}],"curies":[{"name":"wp","href":"https:\/\/api.w.org\/{rel}","templated":true}]}}