{"id":10,"date":"2020-01-05T11:39:01","date_gmt":"2020-01-05T10:39:01","guid":{"rendered":"http:\/\/editions-voyagesdici.com\/?page_id=10"},"modified":"2020-08-24T16:42:16","modified_gmt":"2020-08-24T14:42:16","slug":"le-blog","status":"publish","type":"page","link":"https:\/\/editions-voyagesdici.com\/index.php\/le-blog\/","title":{"rendered":"Le blog"},"content":{"rendered":"<p><em><strong>Les \u00c9ditions Voyages d&rsquo;Ici<\/strong><\/em> sont associ\u00e9es \u00e0 un blog de chroniques litt\u00e9raires :  <a rel=\"noreferrer noopener\" aria-label=\"Voyages d'Ici.  (s\u2019ouvre dans un nouvel onglet)\" href=\"http:\/\/www.voyagesdici.fr\" target=\"_blank\"><em><strong>Voyages d&rsquo;Ici<\/strong><\/em>. <\/a><br>Nous chroniquons nos livres (et films) pr\u00e9f\u00e9r\u00e9s, ceux qui nous font voyager, nos coups de c\u0153ur, nos belles d\u00e9couvertes et uniquement des livres qui nous font du bien et contribuent \u00e0 changer notre regard sur le monde.<br>Nous aimons aussi les photos \u00e0 m\u00e9diter et laisser notre humeur vagabonder&#8230;<\/p>","protected":false},"excerpt":{"rendered":"<p>Les \u00c9ditions Voyages d&rsquo;Ici sont associ\u00e9es \u00e0 un blog de chroniques litt\u00e9raires : Voyages d&rsquo;Ici. Nous chroniquons nos livres (et films) pr\u00e9f\u00e9r\u00e9s, ceux qui nous font voyager, nos coups de c\u0153ur, nos belles d\u00e9couvertes et uniquement des livres qui nous font du bien et contribuent \u00e0 changer notre regard sur le monde.Nous aimons aussi les &hellip; <\/p>\n<p class=\"link-more\"><a href=\"https:\/\/editions-voyagesdici.com\/index.php\/le-blog\/\" class=\"more-link\">Continuer la lecture<span class=\"screen-reader-text\"> de &laquo;&nbsp;Le blog&nbsp;&raquo;<\/span><\/a><\/p>\n","protected":false},"author":1,"featured_media":175,"parent":0,"menu_order":0,"comment_status":"closed","ping_status":"closed","template":"","meta":{"footnotes":""},"class_list":["post-10","page","type-page","status-publish","has-post-thumbnail","hentry"],"_links":{"self":[{"href":"https:\/\/editions-voyagesdici.com\/index.php\/wp-json\/wp\/v2\/pages\/10"}],"collection":[{"href":"https:\/\/editions-voyagesdici.com\/index.php\/wp-json\/wp\/v2\/pages"}],"about":[{"href":"https:\/\/editions-voyagesdici.com\/index.php\/wp-json\/wp\/v2\/types\/page"}],"author":[{"embeddable":true,"href":"https:\/\/editions-voyagesdici.com\/index.php\/wp-json\/wp\/v2\/users\/1"}],"replies":[{"embeddable":true,"href":"https:\/\/editions-voyagesdici.com\/index.php\/wp-json\/wp\/v2\/comments?post=10"}],"version-history":[{"count":14,"href":"https:\/\/editions-voyagesdici.com\/index.php\/wp-json\/wp\/v2\/pages\/10\/revisions"}],"predecessor-version":[{"id":440,"href":"https:\/\/editions-voyagesdici.com\/index.php\/wp-json\/wp\/v2\/pages\/10\/revisions\/440"}],"wp:featuredmedia":[{"embeddable":true,"href":"https:\/\/editions-voyagesdici.com\/index.php\/wp-json\/wp\/v2\/media\/175"}],"wp:attachment":[{"href":"https:\/\/editions-voyagesdici.com\/index.php\/wp-json\/wp\/v2\/media?parent=10"}],"curies":[{"name":"wp","href":"https:\/\/api.w.org\/{rel}","templated":true}]}}