{"id":280,"date":"2020-04-18T12:59:55","date_gmt":"2020-04-18T10:59:55","guid":{"rendered":"http:\/\/editions-voyagesdici.com\/?page_id=280"},"modified":"2023-09-17T14:13:39","modified_gmt":"2023-09-17T12:13:39","slug":"collection-voyage-poetique","status":"publish","type":"page","link":"https:\/\/editions-voyagesdici.com\/index.php\/collection-voyage-poetique\/","title":{"rendered":"Collection Voyage po\u00e9tique"},"content":{"rendered":"<p><strong><em>Voyage Po\u00e9tique<\/em><\/strong> est la 1\u00e8re collection des<strong> \u00c9ditions <em>Voyages d&rsquo;Ici<\/em><\/strong>. <\/p><p>Apr\u00e8s le petit dernier, <strong><em>Amours \u00e0 nu<\/em><\/strong>, un hors s\u00e9rie de po\u00e8mes d&rsquo;amour de <strong>Louis Monnet,<\/strong> illustr\u00e9s des dessins de <strong>Michel Serra<\/strong>, les \u00c9ditions lancent <strong>\u00ab\u00a0R\u00eaves et autres disgressions\u00a0\u00bb<\/strong> de <strong>L\u00e9a SERRA,<\/strong> une jeune auteure dont c&rsquo;est la 1\u00e8re publication.<\/p><figure class=\"wp-block-image size-large is-resized\"><img loading=\"lazy\" decoding=\"async\" src=\"http:\/\/editions-voyagesdici.com\/wp-content\/uploads\/2023\/09\/couv-aeves-et-autre-recto-1-686x1024.jpg\" alt=\"\" class=\"wp-image-733\" width=\"203\" height=\"303\" srcset=\"https:\/\/editions-voyagesdici.com\/wp-content\/uploads\/2023\/09\/couv-aeves-et-autre-recto-1-686x1024.jpg 686w, https:\/\/editions-voyagesdici.com\/wp-content\/uploads\/2023\/09\/couv-aeves-et-autre-recto-1-201x300.jpg 201w, https:\/\/editions-voyagesdici.com\/wp-content\/uploads\/2023\/09\/couv-aeves-et-autre-recto-1-768x1147.jpg 768w, https:\/\/editions-voyagesdici.com\/wp-content\/uploads\/2023\/09\/couv-aeves-et-autre-recto-1-1029x1536.jpg 1029w, https:\/\/editions-voyagesdici.com\/wp-content\/uploads\/2023\/09\/couv-aeves-et-autre-recto-1-1372x2048.jpg 1372w, https:\/\/editions-voyagesdici.com\/wp-content\/uploads\/2023\/09\/couv-aeves-et-autre-recto-1-1320x1971.jpg 1320w, https:\/\/editions-voyagesdici.com\/wp-content\/uploads\/2023\/09\/couv-aeves-et-autre-recto-1-250x373.jpg 250w, https:\/\/editions-voyagesdici.com\/wp-content\/uploads\/2023\/09\/couv-aeves-et-autre-recto-1-350x523.jpg 350w, https:\/\/editions-voyagesdici.com\/wp-content\/uploads\/2023\/09\/couv-aeves-et-autre-recto-1-scaled.jpg 1715w\" sizes=\"(max-width: 203px) 100vw, 203px\" \/><\/figure><p>Pour l\u2019impulser, les \u00c9ditions vous propose de contribuer \u00e0 son impression via une campagne de financement participatif sur <a href=\"https:\/\/fr.ulule.com\/reves-et-autres-disgression\/\" data-type=\"URL\" data-id=\"https:\/\/fr.ulule.com\/reves-et-autres-disgression\/\" target=\"_blank\" rel=\"noreferrer noopener\">ULULE<\/a><\/p><p>C&rsquo;est <a href=\"https:\/\/fr.ulule.com\/reves-et-autres-disgression\/\" data-type=\"URL\" data-id=\"https:\/\/fr.ulule.com\/reves-et-autres-disgression\/\" target=\"_blank\" rel=\"noreferrer noopener\">par ici <\/a>! Avec tous nos remerciements ! <\/p><p><\/p>","protected":false},"excerpt":{"rendered":"<p>Voyage Po\u00e9tique est la 1\u00e8re collection des \u00c9ditions Voyages d&rsquo;Ici. Apr\u00e8s le petit dernier, Amours \u00e0 nu, un hors s\u00e9rie de po\u00e8mes d&rsquo;amour de Louis Monnet, illustr\u00e9s des dessins de Michel Serra, les \u00c9ditions lancent \u00ab\u00a0R\u00eaves et autres disgressions\u00a0\u00bb de L\u00e9a SERRA, une jeune auteure dont c&rsquo;est la 1\u00e8re publication. Pour l\u2019impulser, les \u00c9ditions vous &hellip; <\/p>\n<p class=\"link-more\"><a href=\"https:\/\/editions-voyagesdici.com\/index.php\/collection-voyage-poetique\/\" class=\"more-link\">Continuer la lecture<span class=\"screen-reader-text\"> de &laquo;&nbsp;Collection Voyage po\u00e9tique&nbsp;&raquo;<\/span><\/a><\/p>\n","protected":false},"author":1,"featured_media":314,"parent":0,"menu_order":0,"comment_status":"closed","ping_status":"closed","template":"","meta":{"footnotes":""},"class_list":["post-280","page","type-page","status-publish","has-post-thumbnail","hentry"],"_links":{"self":[{"href":"https:\/\/editions-voyagesdici.com\/index.php\/wp-json\/wp\/v2\/pages\/280"}],"collection":[{"href":"https:\/\/editions-voyagesdici.com\/index.php\/wp-json\/wp\/v2\/pages"}],"about":[{"href":"https:\/\/editions-voyagesdici.com\/index.php\/wp-json\/wp\/v2\/types\/page"}],"author":[{"embeddable":true,"href":"https:\/\/editions-voyagesdici.com\/index.php\/wp-json\/wp\/v2\/users\/1"}],"replies":[{"embeddable":true,"href":"https:\/\/editions-voyagesdici.com\/index.php\/wp-json\/wp\/v2\/comments?post=280"}],"version-history":[{"count":22,"href":"https:\/\/editions-voyagesdici.com\/index.php\/wp-json\/wp\/v2\/pages\/280\/revisions"}],"predecessor-version":[{"id":739,"href":"https:\/\/editions-voyagesdici.com\/index.php\/wp-json\/wp\/v2\/pages\/280\/revisions\/739"}],"wp:featuredmedia":[{"embeddable":true,"href":"https:\/\/editions-voyagesdici.com\/index.php\/wp-json\/wp\/v2\/media\/314"}],"wp:attachment":[{"href":"https:\/\/editions-voyagesdici.com\/index.php\/wp-json\/wp\/v2\/media?parent=280"}],"curies":[{"name":"wp","href":"https:\/\/api.w.org\/{rel}","templated":true}]}}

Collection Voyage poétique

<p><strong><em>Voyage Poétique</em></strong> est la 1ère collection des<strong> Éditions <em>Voyages d&rsquo;Ici</em></strong>. </p><p>Après le petit dernier, <strong><em>Amours à nu</em></strong>, un hors série de poèmes d&rsquo;amour de <strong>Louis Monnet,</strong> illustrés des dessins de <strong>Michel Serra</strong>, les Éditions lancent <strong>« Rêves et autres disgressions »</strong> de <strong>Léa SERRA,</strong> une jeune auteure dont c&rsquo;est la 1ère publication.</p><figure class="wp-block-image size-large is-resized"><img loading="lazy" decoding="async" src="http://editions-voyagesdici.com/wp-content/uploads/2023/09/couv-aeves-et-autre-recto-1-686x1024.jpg" alt="" class="wp-image-733" width="203" height="303" srcset="https://editions-voyagesdici.com/wp-content/uploads/2023/09/couv-aeves-et-autre-recto-1-686x1024.jpg 686w, https://editions-voyagesdici.com/wp-content/uploads/2023/09/couv-aeves-et-autre-recto-1-201x300.jpg 201w, https://editions-voyagesdici.com/wp-content/uploads/2023/09/couv-aeves-et-autre-recto-1-768x1147.jpg 768w, https://editions-voyagesdici.com/wp-content/uploads/2023/09/couv-aeves-et-autre-recto-1-1029x1536.jpg 1029w, https://editions-voyagesdici.com/wp-content/uploads/2023/09/couv-aeves-et-autre-recto-1-1372x2048.jpg 1372w, https://editions-voyagesdici.com/wp-content/uploads/2023/09/couv-aeves-et-autre-recto-1-1320x1971.jpg 1320w, https://editions-voyagesdici.com/wp-content/uploads/2023/09/couv-aeves-et-autre-recto-1-250x373.jpg 250w, https://editions-voyagesdici.com/wp-content/uploads/2023/09/couv-aeves-et-autre-recto-1-350x523.jpg 350w, https://editions-voyagesdici.com/wp-content/uploads/2023/09/couv-aeves-et-autre-recto-1-scaled.jpg 1715w" sizes="(max-width: 203px) 100vw, 203px" /></figure><p>Pour l’impulser, les Éditions vous propose de contribuer à son impression via une campagne de financement participatif sur <a href="https://fr.ulule.com/reves-et-autres-disgression/" data-type="URL" data-id="https://fr.ulule.com/reves-et-autres-disgression/" target="_blank" rel="noreferrer noopener">ULULE</a></p><p>C&rsquo;est <a href="https://fr.ulule.com/reves-et-autres-disgression/" data-type="URL" data-id="https://fr.ulule.com/reves-et-autres-disgression/" target="_blank" rel="noreferrer noopener">par ici </a>! Avec tous nos remerciements ! </p><p></p>

<p>Voyage Poétique est la 1ère collection des Éditions Voyages d&rsquo;Ici. Après le petit dernier, Amours à nu, un hors série de poèmes d&rsquo;amour de Louis Monnet, illustrés des dessins de Michel Serra, les Éditions lancent « Rêves et autres disgressions » de Léa SERRA, une jeune auteure dont c&rsquo;est la 1ère publication. Pour l’impulser, les Éditions vous &hellip; </p>
<p class="link-more"><a href="https://editions-voyagesdici.com/index.php/collection-voyage-poetique/" class="more-link">Continuer la lecture<span class="screen-reader-text"> de &laquo;&nbsp;Collection Voyage poétique&nbsp;&raquo;</span></a></p>
