{"id":670,"date":"2022-01-23T07:03:17","date_gmt":"2022-01-23T06:03:17","guid":{"rendered":"http:\/\/editions-voyagesdici.com\/?page_id=670"},"modified":"2022-01-23T07:03:19","modified_gmt":"2022-01-23T06:03:19","slug":"la-poesie-du-mois-2022","status":"publish","type":"page","link":"https:\/\/editions-voyagesdici.com\/index.php\/la-poesie-du-mois-2022\/","title":{"rendered":"La po\u00e9sie du mois &#8211; 2022"},"content":{"rendered":"<p>Les po\u00e9sies de l&rsquo;ann\u00e9e 2022<\/p>","protected":false},"excerpt":{"rendered":"<p>Les po\u00e9sies de l&rsquo;ann\u00e9e 2022<\/p>\n","protected":false},"author":1,"featured_media":172,"parent":0,"menu_order":0,"comment_status":"closed","ping_status":"closed","template":"","meta":{"footnotes":""},"class_list":["post-670","page","type-page","status-publish","has-post-thumbnail","hentry"],"_links":{"self":[{"href":"https:\/\/editions-voyagesdici.com\/index.php\/wp-json\/wp\/v2\/pages\/670"}],"collection":[{"href":"https:\/\/editions-voyagesdici.com\/index.php\/wp-json\/wp\/v2\/pages"}],"about":[{"href":"https:\/\/editions-voyagesdici.com\/index.php\/wp-json\/wp\/v2\/types\/page"}],"author":[{"embeddable":true,"href":"https:\/\/editions-voyagesdici.com\/index.php\/wp-json\/wp\/v2\/users\/1"}],"replies":[{"embeddable":true,"href":"https:\/\/editions-voyagesdici.com\/index.php\/wp-json\/wp\/v2\/comments?post=670"}],"version-history":[{"count":1,"href":"https:\/\/editions-voyagesdici.com\/index.php\/wp-json\/wp\/v2\/pages\/670\/revisions"}],"predecessor-version":[{"id":671,"href":"https:\/\/editions-voyagesdici.com\/index.php\/wp-json\/wp\/v2\/pages\/670\/revisions\/671"}],"wp:featuredmedia":[{"embeddable":true,"href":"https:\/\/editions-voyagesdici.com\/index.php\/wp-json\/wp\/v2\/media\/172"}],"wp:attachment":[{"href":"https:\/\/editions-voyagesdici.com\/index.php\/wp-json\/wp\/v2\/media?parent=670"}],"curies":[{"name":"wp","href":"https:\/\/api.w.org\/{rel}","templated":true}]}}