{"id":9,"date":"2020-01-05T11:39:01","date_gmt":"2020-01-05T10:39:01","guid":{"rendered":"http:\/\/editions-voyagesdici.com\/?page_id=9"},"modified":"2023-09-17T14:17:41","modified_gmt":"2023-09-17T12:17:41","slug":"accueil-editions-voyages-di","status":"publish","type":"page","link":"https:\/\/editions-voyagesdici.com\/","title":{"rendered":"Les \u00c9ditions Voyages d&rsquo;Ici vous souhaitent la bienvenue"},"content":{"rendered":"<p>Les \u00c9ditions<strong> <em>Voyages d&rsquo;Ici <\/em><\/strong>sont n\u00e9es en janvier 2020. Notre projet ? Publier des livres pour adultes et enfants, sous toutes formes litt\u00e9raires : po\u00e9sie, prose, r\u00e9cit, roman, carnet, recette\u2026 qui nous font voyager, nous font du bien au c\u0153ur et \u00e0 l&rsquo;\u00e2me, transmettent un message de paix, d&rsquo;amour et de joie et contribuent \u00e0 changer notre regard sur le monde.  Une place importante est donn\u00e9e aux illustrations, quel que soit le projet. <\/p><p>Pour d\u00e9marrer ce voyage, nous avons pris notre b\u00e2ton de p\u00e8lerin(e) et avons concoct\u00e9 un recueil de po\u00e9sie  <em><strong><a rel=\"noreferrer noopener\" aria-label=\" (s\u2019ouvre dans un nouvel onglet)\" href=\"http:\/\/editions-voyagesdici.com\/index.php\/2020\/04\/06\/caravanes-recueil-de-poesies-de-louis-monnet\/\" target=\"_blank\">\u00ab\u00a0Caravanes<\/a>\u00ab\u00a0<\/strong><\/em> de <em><strong>Louis Monnet <\/strong><\/em> qui lance la collection <em><strong>Voyage po\u00e9tique<\/strong><\/em>. Depuis, la collection s&rsquo;est agrandie avec deux autres recueils du m\u00eame auteur, <em><strong><a rel=\"noreferrer noopener\" href=\"http:\/\/editions-voyagesdici.com\/index.php\/2020\/11\/14\/rythmique-le-deuxieme-recueil-de-poesie-de-louis-monnet\/\" target=\"_blank\">Rythmique<\/a><\/strong><\/em>, et <a rel=\"noreferrer noopener\" href=\"https:\/\/editions-voyagesdici.com\/index.php\/2021\/01\/21\/amours-a-nu-louis-monnet-et-michel-serra\/\" target=\"_blank\"><strong><em>Amours \u00e0 nu<\/em><\/strong>, <\/a>illustr\u00e9 par <strong><em>Michel Serra<\/em><\/strong>. Les \u00c9ditions lancent aujourd&rsquo;hui leur 4\u00e8me recueil de po\u00e9sie, <strong><em>\u00ab\u00a0R\u00eaves et autres disgressions\u00a0\u00bb<\/em><\/strong> de <strong>L\u00e9a SERRA<\/strong><\/p><p>Et pour continuer le voyage ? Nous voulons \u00e9diter des jeunes (au sens litt\u00e9ral) auteur-e-s et de  illustratrices-eurs jamais publi\u00e9s. <\/p><div class=\"wp-block-image\"><figure class=\"alignleft size-large is-resized\"><img loading=\"lazy\" decoding=\"async\" src=\"http:\/\/editions-voyagesdici.com\/wp-content\/uploads\/2020\/04\/logo-v3-sans-fond.png\" alt=\"\" class=\"wp-image-286\" width=\"75\" height=\"75\" srcset=\"https:\/\/editions-voyagesdici.com\/wp-content\/uploads\/2020\/04\/logo-v3-sans-fond.png 437w, https:\/\/editions-voyagesdici.com\/wp-content\/uploads\/2020\/04\/logo-v3-sans-fond-250x250.png 250w, https:\/\/editions-voyagesdici.com\/wp-content\/uploads\/2020\/04\/logo-v3-sans-fond-100x100.png 100w, https:\/\/editions-voyagesdici.com\/wp-content\/uploads\/2020\/04\/logo-v3-sans-fond-350x350.png 350w, https:\/\/editions-voyagesdici.com\/wp-content\/uploads\/2020\/04\/logo-v3-sans-fond-300x300.png 300w, https:\/\/editions-voyagesdici.com\/wp-content\/uploads\/2020\/04\/logo-v3-sans-fond-150x150.png 150w\" sizes=\"(max-width: 75px) 100vw, 75px\" \/><\/figure><\/div><p>Bonne d\u00e9couverte et bon voyage ! <\/p><figure class=\"wp-block-image size-thumbnail\"><img loading=\"lazy\" decoding=\"async\" width=\"150\" height=\"150\" src=\"http:\/\/editions-voyagesdici.com\/wp-content\/uploads\/2020\/11\/Jerry-the-cat-RVB-150x150.png\" alt=\"\" class=\"wp-image-462\" srcset=\"https:\/\/editions-voyagesdici.com\/wp-content\/uploads\/2020\/11\/Jerry-the-cat-RVB-150x150.png 150w, https:\/\/editions-voyagesdici.com\/wp-content\/uploads\/2020\/11\/Jerry-the-cat-RVB-100x100.png 100w\" sizes=\"(max-width: 150px) 100vw, 150px\" \/><figcaption>    <em>Jerry The Cat<\/em> &#8211; L\u00e9a Serra<\/figcaption><\/figure>","protected":false},"excerpt":{"rendered":"<p>Les \u00c9ditions Voyages d&rsquo;Ici sont n\u00e9es en janvier 2020. Notre projet ? Publier des livres pour adultes et enfants, sous toutes formes litt\u00e9raires : po\u00e9sie, prose, r\u00e9cit, roman, carnet, recette\u2026 qui nous font voyager, nous font du bien au c\u0153ur et \u00e0 l&rsquo;\u00e2me, transmettent un message de paix, d&rsquo;amour et de joie et contribuent \u00e0 &hellip; <\/p>\n<p class=\"link-more\"><a href=\"https:\/\/editions-voyagesdici.com\/\" class=\"more-link\">Continuer la lecture<span class=\"screen-reader-text\"> de &laquo;&nbsp;Les \u00c9ditions Voyages d&rsquo;Ici vous souhaitent la bienvenue&nbsp;&raquo;<\/span><\/a><\/p>\n","protected":false},"author":1,"featured_media":0,"parent":0,"menu_order":0,"comment_status":"closed","ping_status":"closed","template":"","meta":{"footnotes":""},"class_list":["post-9","page","type-page","status-publish","hentry"],"_links":{"self":[{"href":"https:\/\/editions-voyagesdici.com\/index.php\/wp-json\/wp\/v2\/pages\/9"}],"collection":[{"href":"https:\/\/editions-voyagesdici.com\/index.php\/wp-json\/wp\/v2\/pages"}],"about":[{"href":"https:\/\/editions-voyagesdici.com\/index.php\/wp-json\/wp\/v2\/types\/page"}],"author":[{"embeddable":true,"href":"https:\/\/editions-voyagesdici.com\/index.php\/wp-json\/wp\/v2\/users\/1"}],"replies":[{"embeddable":true,"href":"https:\/\/editions-voyagesdici.com\/index.php\/wp-json\/wp\/v2\/comments?post=9"}],"version-history":[{"count":38,"href":"https:\/\/editions-voyagesdici.com\/index.php\/wp-json\/wp\/v2\/pages\/9\/revisions"}],"predecessor-version":[{"id":745,"href":"https:\/\/editions-voyagesdici.com\/index.php\/wp-json\/wp\/v2\/pages\/9\/revisions\/745"}],"wp:attachment":[{"href":"https:\/\/editions-voyagesdici.com\/index.php\/wp-json\/wp\/v2\/media?parent=9"}],"curies":[{"name":"wp","href":"https:\/\/api.w.org\/{rel}","templated":true}]}}

Les Éditions Voyages d&rsquo;Ici vous souhaitent la bienvenue

<p>Les Éditions<strong> <em>Voyages d&rsquo;Ici </em></strong>sont nées en janvier 2020. Notre projet ? Publier des livres pour adultes et enfants, sous toutes formes littéraires : poésie, prose, récit, roman, carnet, recette… qui nous font voyager, nous font du bien au cœur et à l&rsquo;âme, transmettent un message de paix, d&rsquo;amour et de joie et contribuent à changer notre regard sur le monde.  Une place importante est donnée aux illustrations, quel que soit le projet. </p><p>Pour démarrer ce voyage, nous avons pris notre bâton de pèlerin(e) et avons concocté un recueil de poésie  <em><strong><a rel="noreferrer noopener" aria-label=" (s’ouvre dans un nouvel onglet)" href="http://editions-voyagesdici.com/index.php/2020/04/06/caravanes-recueil-de-poesies-de-louis-monnet/" target="_blank">« Caravanes</a>« </strong></em> de <em><strong>Louis Monnet </strong></em> qui lance la collection <em><strong>Voyage poétique</strong></em>. Depuis, la collection s&rsquo;est agrandie avec deux autres recueils du même auteur, <em><strong><a rel="noreferrer noopener" href="http://editions-voyagesdici.com/index.php/2020/11/14/rythmique-le-deuxieme-recueil-de-poesie-de-louis-monnet/" target="_blank">Rythmique</a></strong></em>, et <a rel="noreferrer noopener" href="https://editions-voyagesdici.com/index.php/2021/01/21/amours-a-nu-louis-monnet-et-michel-serra/" target="_blank"><strong><em>Amours à nu</em></strong>, </a>illustré par <strong><em>Michel Serra</em></strong>. Les Éditions lancent aujourd&rsquo;hui leur 4ème recueil de poésie, <strong><em>« Rêves et autres disgressions »</em></strong> de <strong>Léa SERRA</strong></p><p>Et pour continuer le voyage ? Nous voulons éditer des jeunes (au sens littéral) auteur-e-s et de  illustratrices-eurs jamais publiés. </p><div class="wp-block-image"><figure class="alignleft size-large is-resized"><img loading="lazy" decoding="async" src="http://editions-voyagesdici.com/wp-content/uploads/2020/04/logo-v3-sans-fond.png" alt="" class="wp-image-286" width="75" height="75" srcset="https://editions-voyagesdici.com/wp-content/uploads/2020/04/logo-v3-sans-fond.png 437w, https://editions-voyagesdici.com/wp-content/uploads/2020/04/logo-v3-sans-fond-250x250.png 250w, https://editions-voyagesdici.com/wp-content/uploads/2020/04/logo-v3-sans-fond-100x100.png 100w, https://editions-voyagesdici.com/wp-content/uploads/2020/04/logo-v3-sans-fond-350x350.png 350w, https://editions-voyagesdici.com/wp-content/uploads/2020/04/logo-v3-sans-fond-300x300.png 300w, https://editions-voyagesdici.com/wp-content/uploads/2020/04/logo-v3-sans-fond-150x150.png 150w" sizes="(max-width: 75px) 100vw, 75px" /></figure></div><p>Bonne découverte et bon voyage ! </p><figure class="wp-block-image size-thumbnail"><img loading="lazy" decoding="async" width="150" height="150" src="http://editions-voyagesdici.com/wp-content/uploads/2020/11/Jerry-the-cat-RVB-150x150.png" alt="" class="wp-image-462" srcset="https://editions-voyagesdici.com/wp-content/uploads/2020/11/Jerry-the-cat-RVB-150x150.png 150w, https://editions-voyagesdici.com/wp-content/uploads/2020/11/Jerry-the-cat-RVB-100x100.png 100w" sizes="(max-width: 150px) 100vw, 150px" /><figcaption>    <em>Jerry The Cat</em> &#8211; Léa Serra</figcaption></figure>

<p>Les Éditions Voyages d&rsquo;Ici sont nées en janvier 2020. Notre projet ? Publier des livres pour adultes et enfants, sous toutes formes littéraires : poésie, prose, récit, roman, carnet, recette… qui nous font voyager, nous font du bien au cœur et à l&rsquo;âme, transmettent un message de paix, d&rsquo;amour et de joie et contribuent à &hellip; </p>
<p class="link-more"><a href="https://editions-voyagesdici.com/" class="more-link">Continuer la lecture<span class="screen-reader-text"> de &laquo;&nbsp;Les Éditions Voyages d&rsquo;Ici vous souhaitent la bienvenue&nbsp;&raquo;</span></a></p>
